{"id":454,"date":"2018-07-06T13:30:14","date_gmt":"2018-07-06T13:30:14","guid":{"rendered":"http:\/\/supy.org\/wordpress_9\/?page_id=454"},"modified":"2018-09-27T16:52:58","modified_gmt":"2018-09-27T16:52:58","slug":"about-supy","status":"publish","type":"page","link":"https:\/\/supy.org\/wordpress_9\/en\/about-supy\/","title":{"rendered":"About SUPY"},"content":{"rendered":"<h2 style=\"text-align: left;\"><strong>Aims and objectives<\/strong><\/h2>\n<p style=\"text-align: left;\">SUPY is aiming to enhance the practical application of sport psychology. We are working as a sport psychology symposium for athletes, coaches and other sport and exercise professionals.<\/p>\n<p style=\"text-align: left;\"><strong>SUPY is working with the following aims:<\/strong><\/p>\n<ul>\n<li style=\"text-align: left;\">Strengthening the sport psychology knowledge<\/li>\n<li style=\"text-align: left;\">Increase the interest on possibilities with mental skills training<\/li>\n<li style=\"text-align: left;\">Networking for specialists in sport psychology and other sport professionals<\/li>\n<\/ul>\n<p style=\"text-align: left;\"><strong>SUPY values of practice:<\/strong><\/p>\n<ul>\n<li style=\"text-align: left;\">Athlete and coach oriented approach<\/li>\n<li style=\"text-align: left;\">Expertise<\/li>\n<li style=\"text-align: left;\">Reliability<\/li>\n<li style=\"text-align: left;\">Interactivity<\/li>\n<\/ul>\n<p style=\"text-align: left;\"><strong>SUPY working on the field:<\/strong><\/p>\n<ul>\n<li style=\"text-align: left;\">Carry out seminars<\/li>\n<li style=\"text-align: left;\">Organize local meetings for members<\/li>\n<li style=\"text-align: left;\">Electronically inform members about current issues<\/li>\n<li style=\"text-align: left;\">Publish articles in Valmentaja-magazine<\/li>\n<li style=\"text-align: left;\">Admin and update the specialist register<\/li>\n<li style=\"text-align: left;\">We are a member of European Federation of Sport Psychology<\/li>\n<\/ul>\n<p style=\"text-align: left;\"><strong>We are cooperating with following associations:<\/strong><\/p>\n<ul>\n<li style=\"text-align: left;\">Suomen Valmentajat ry (Finnish Coaching Association)<\/li>\n<li style=\"text-align: left;\">Kilpa- ja Huippu-urheilun tutkimuskeskus (Research Institute of Olympic Sports, Finland)<\/li>\n<li style=\"text-align: left;\">Olympiakomitea (Olympic Committee of Finland)<\/li>\n<li style=\"text-align: left;\">Jyv\u00e4skyl\u00e4n yliopisto (University of Jyv\u00e4skyl\u00e4)<\/li>\n<li style=\"text-align: left;\">Suomen Liikunta ja Urheilu lajiliittoineen (Finnish Association of Exercise and Sports)<\/li>\n<li style=\"text-align: left;\">Suomen Psykologiliiton psyykkisen valmennuksen toimikunta (Office of the Finnish Psychological Association)<\/li>\n<li style=\"text-align: left;\">Liikuntatieteellinen seura (Finnish Society of Sport Sciences)<\/li>\n<\/ul>\n","protected":false},"excerpt":{"rendered":"<p>Aims and objectives SUPY is aiming to enhance the practical application of sport psychology. We are working as a sport psychology symposium for athletes, coaches and other sport and exercise professionals. SUPY is working with the following aims: Strengthening the sport psychology knowledge Increase the interest on possibilities with mental skills training Networking for specialists [&hellip;]<\/p>\n","protected":false},"author":2,"featured_media":0,"parent":0,"menu_order":0,"comment_status":"closed","ping_status":"closed","template":"","meta":{"ocean_post_layout":"full-width","ocean_both_sidebars_style":"","ocean_both_sidebars_content_width":0,"ocean_both_sidebars_sidebars_width":0,"ocean_sidebar":"0","ocean_second_sidebar":"0","ocean_disable_margins":"enable","ocean_add_body_class":"","ocean_shortcode_before_top_bar":"","ocean_shortcode_after_top_bar":"","ocean_shortcode_before_header":"","ocean_shortcode_after_header":"","ocean_has_shortcode":"","ocean_shortcode_after_title":"","ocean_shortcode_before_footer_widgets":"","ocean_shortcode_after_footer_widgets":"","ocean_shortcode_before_footer_bottom":"","ocean_shortcode_after_footer_bottom":"","ocean_display_top_bar":"default","ocean_display_header":"default","ocean_header_style":"","ocean_center_header_left_menu":"0","ocean_custom_header_template":"0","ocean_custom_logo":0,"ocean_custom_retina_logo":0,"ocean_custom_logo_max_width":0,"ocean_custom_logo_tablet_max_width":0,"ocean_custom_logo_mobile_max_width":0,"ocean_custom_logo_max_height":0,"ocean_custom_logo_tablet_max_height":0,"ocean_custom_logo_mobile_max_height":0,"ocean_header_custom_menu":"0","ocean_menu_typo_font_family":"0","ocean_menu_typo_font_subset":"","ocean_menu_typo_font_size":0,"ocean_menu_typo_font_size_tablet":0,"ocean_menu_typo_font_size_mobile":0,"ocean_menu_typo_font_size_unit":"px","ocean_menu_typo_font_weight":"","ocean_menu_typo_font_weight_tablet":"","ocean_menu_typo_font_weight_mobile":"","ocean_menu_typo_transform":"","ocean_menu_typo_transform_tablet":"","ocean_menu_typo_transform_mobile":"","ocean_menu_typo_line_height":0,"ocean_menu_typo_line_height_tablet":0,"ocean_menu_typo_line_height_mobile":0,"ocean_menu_typo_line_height_unit":"","ocean_menu_typo_spacing":0,"ocean_menu_typo_spacing_tablet":0,"ocean_menu_typo_spacing_mobile":0,"ocean_menu_typo_spacing_unit":"","ocean_menu_link_color":"","ocean_menu_link_color_hover":"","ocean_menu_link_color_active":"","ocean_menu_link_background":"","ocean_menu_link_hover_background":"","ocean_menu_link_active_background":"","ocean_menu_social_links_bg":"","ocean_menu_social_hover_links_bg":"","ocean_menu_social_links_color":"","ocean_menu_social_hover_links_color":"","ocean_disable_title":"default","ocean_disable_heading":"default","ocean_post_title":"","ocean_post_subheading":"","ocean_post_title_style":"","ocean_post_title_background_color":"","ocean_post_title_background":0,"ocean_post_title_bg_image_position":"","ocean_post_title_bg_image_attachment":"","ocean_post_title_bg_image_repeat":"","ocean_post_title_bg_image_size":"","ocean_post_title_height":0,"ocean_post_title_bg_overlay":0.5,"ocean_post_title_bg_overlay_color":"","ocean_disable_breadcrumbs":"default","ocean_breadcrumbs_color":"","ocean_breadcrumbs_separator_color":"","ocean_breadcrumbs_links_color":"","ocean_breadcrumbs_links_hover_color":"","ocean_display_footer_widgets":"default","ocean_display_footer_bottom":"default","ocean_custom_footer_template":"0","footnotes":""},"class_list":["post-454","page","type-page","status-publish","hentry","entry"],"_links":{"self":[{"href":"https:\/\/supy.org\/wordpress_9\/wp-json\/wp\/v2\/pages\/454","targetHints":{"allow":["GET"]}}],"collection":[{"href":"https:\/\/supy.org\/wordpress_9\/wp-json\/wp\/v2\/pages"}],"about":[{"href":"https:\/\/supy.org\/wordpress_9\/wp-json\/wp\/v2\/types\/page"}],"author":[{"embeddable":true,"href":"https:\/\/supy.org\/wordpress_9\/wp-json\/wp\/v2\/users\/2"}],"replies":[{"embeddable":true,"href":"https:\/\/supy.org\/wordpress_9\/wp-json\/wp\/v2\/comments?post=454"}],"version-history":[{"count":1,"href":"https:\/\/supy.org\/wordpress_9\/wp-json\/wp\/v2\/pages\/454\/revisions"}],"predecessor-version":[{"id":455,"href":"https:\/\/supy.org\/wordpress_9\/wp-json\/wp\/v2\/pages\/454\/revisions\/455"}],"wp:attachment":[{"href":"https:\/\/supy.org\/wordpress_9\/wp-json\/wp\/v2\/media?parent=454"}],"curies":[{"name":"wp","href":"https:\/\/api.w.org\/{rel}","templated":true}]}}